{"id":1897,"date":"2022-06-14T05:57:56","date_gmt":"2022-06-14T05:57:56","guid":{"rendered":"https:\/\/demo.agnidesigns.com\/luminate\/?page_id=1897"},"modified":"2025-05-30T12:40:59","modified_gmt":"2025-05-30T12:40:59","slug":"about-us","status":"publish","type":"page","link":"https:\/\/ulpr.com\/index.php\/about-us\/","title":{"rendered":"O nama"},"content":{"rendered":"\n<div class=\"wp-block-cover alignfull is-light\" style=\"min-height:330px;aspect-ratio:unset;\"><img loading=\"lazy\" decoding=\"async\" width=\"1930\" height=\"370\" class=\"wp-block-cover__image-background wp-image-4617\" alt=\"\" src=\"http:\/\/ulpr.com\/wp-content\/uploads\/2024\/05\/main2.png\" data-object-fit=\"cover\" srcset=\"https:\/\/ulpr.com\/wp-content\/uploads\/2024\/05\/main2.png 1930w, https:\/\/ulpr.com\/wp-content\/uploads\/2024\/05\/main2-600x115.png 600w, https:\/\/ulpr.com\/wp-content\/uploads\/2024\/05\/main2-300x58.png 300w, https:\/\/ulpr.com\/wp-content\/uploads\/2024\/05\/main2-1024x196.png 1024w, https:\/\/ulpr.com\/wp-content\/uploads\/2024\/05\/main2-768x147.png 768w, https:\/\/ulpr.com\/wp-content\/uploads\/2024\/05\/main2-1536x294.png 1536w\" sizes=\"auto, (max-width: 1930px) 100vw, 1930px\" \/><span aria-hidden=\"true\" class=\"wp-block-cover__background has-background-dim-0 has-background-dim\"><\/span><div class=\"wp-block-cover__inner-container is-layout-flow wp-block-cover-is-layout-flow\">\n<div class=\"wp-block-group is-layout-constrained wp-container-core-group-is-layout-c6036f6d wp-block-group-is-layout-constrained\">\n<h1 class=\"wp-block-heading has-white-color has-text-color has-x-large-font-size\"><\/h1>\n\n\n\n<p class=\"has-white-color has-text-color has-medium-font-size\"><\/p>\n<\/div>\n<\/div><\/div>\n\n\n\n<div style=\"height:25px\" aria-hidden=\"true\" class=\"wp-block-spacer\"><\/div>\n\n\n\n<h1 class=\"wp-block-heading has-text-align-center has-text-color\" style=\"color:#92071e\"><strong>UNO-LUX PROCESSING DOO BEOGRAD<\/strong><\/h1>\n\n\n\n<p class=\"has-text-align-center has-medium-font-size\">Projektovanje, proizvodnja i in\u017eenjering u oblasti industrijske automatike. Isporuka opreme i softvera.<\/p>\n\n\n\n<div class=\"wp-block-group alignwide has-primary-color has-text-color is-layout-constrained wp-block-group-is-layout-constrained\">\n<div style=\"height:25px\" aria-hidden=\"true\" class=\"wp-block-spacer\"><\/div>\n\n\n\n<div class=\"wp-block-media-text is-stacked-on-mobile\"><figure class=\"wp-block-media-text__media\"><img loading=\"lazy\" decoding=\"async\" width=\"1024\" height=\"768\" src=\"http:\/\/ulpr.com\/wp-content\/uploads\/2024\/04\/IMG-8250-1-1024x768.jpg\" alt=\"o nama\" class=\"wp-image-3491 size-large\" srcset=\"https:\/\/ulpr.com\/wp-content\/uploads\/2024\/04\/IMG-8250-1-1024x768.jpg 1024w, https:\/\/ulpr.com\/wp-content\/uploads\/2024\/04\/IMG-8250-1-600x450.jpg 600w, https:\/\/ulpr.com\/wp-content\/uploads\/2024\/04\/IMG-8250-1-300x225.jpg 300w, https:\/\/ulpr.com\/wp-content\/uploads\/2024\/04\/IMG-8250-1-768x576.jpg 768w, https:\/\/ulpr.com\/wp-content\/uploads\/2024\/04\/IMG-8250-1-40x30.jpg 40w, https:\/\/ulpr.com\/wp-content\/uploads\/2024\/04\/IMG-8250-1-55x41.jpg 55w, https:\/\/ulpr.com\/wp-content\/uploads\/2024\/04\/IMG-8250-1-100x75.jpg 100w, https:\/\/ulpr.com\/wp-content\/uploads\/2024\/04\/IMG-8250-1.jpg 1414w\" sizes=\"auto, (max-width: 1024px) 100vw, 1024px\" \/><\/figure><div class=\"wp-block-media-text__content\">\n<div class=\"wp-block-group is-layout-constrained wp-container-core-group-is-layout-ef71adf4 wp-block-group-is-layout-constrained\" style=\"padding-top:40px;padding-bottom:40px\">\n<h2 class=\"wp-block-heading\" style=\"line-height:1.4\">Osnivanje<\/h2>\n\n\n\n<p>O nama &#8211; Preduze\u0107e UNO-LUX d.o.o. je osnovano 1993. godine. Sredinom 1994. godine UNO-LUX zapo\u010dinje saradnju a 1995. godine postaje autorizovani distributer ameri\u010dke kompanije PLCDirect by Koyo (kasnije AUTOMATIONDIRECT). Od osnivanja, osnovne oblasti anga\u017eovanja preduze\u0107a su projektovanje, in\u017eenjering, isporuka opreme i softvera za automatizaciju ma\u0161ina i industrijskih postrojenja. Sa jasnom orijentacijom da promovi\u0161e najbolja stru\u010dna iskustva po me\u0111unarodno priznatim merilima i zadovolji interese korisnika svojih usluga po navedenim principima. U nastojanju da zadovolji potrebe korisnika UNO-LUX zapo\u010dinje saradnju sa jo\u0161 dve velike svetske kompanije, NATIONAL INSTRUMENTS \u2013 USA i WEINTEK Labs., Inc, TAIWAN.<\/p>\n\n\n\n<div style=\"height:30px\" aria-hidden=\"true\" class=\"wp-block-spacer\"><\/div>\n<\/div>\n<\/div><\/div>\n<\/div>\n\n\n\n<div style=\"height:25px\" aria-hidden=\"true\" class=\"wp-block-spacer\"><\/div>\n\n\n\n<hr class=\"wp-block-separator alignwide has-alpha-channel-opacity is-style-wide\"\/>\n\n\n\n<div style=\"height:25px\" aria-hidden=\"true\" class=\"wp-block-spacer\"><\/div>\n\n\n\n<div class=\"wp-block-media-text alignwide has-media-on-the-right is-stacked-on-mobile\" style=\"grid-template-columns:auto 30%\"><div class=\"wp-block-media-text__content\">\n<div class=\"wp-block-group is-layout-constrained wp-container-core-group-is-layout-fb76b901 wp-block-group-is-layout-constrained\" style=\"padding-top:40px;padding-bottom:40px\">\n<h2 class=\"wp-block-heading\" style=\"line-height:1.4\">Reorganizacija<\/h2>\n\n\n\n<p class=\"has-text-align-left\">O nama &#8211; Od 2004. godine, nakon reorganizacije preduze\u0107a UNO-LUX d.o.o., registrovano je preduze\u0107e UNO-LUX PROCESSING d.o.o. Sa sedi\u0161tem u Beogradu, Poru\u010dnika Spasi\u0107a i Ma\u0161ere 14. Od tada preduze\u0107e se razvija u kontinuitetu, neprekidno pove\u0107avaju\u0107i obim poslovanja, obim i kvalitet usluga na tr\u017ei\u0161tu Srbije i u inostranstvu. O tome najbolje govore reference preduze\u0107a. Preduze\u0107e se od po\u010detka orijentisalo i na pra\u0107enje aktuelnih kretanja u struci. Kao u\u010desnik prisutni smo na stru\u010dnim savetovanjima i sajmovima. Na 44. me\u0111unarodnom sajmu tehnike i tehni\u010dkih dostignu\u0107a u Beogradu, preduze\u0107e UNO-LUX je dobilo \u201eVeliku nagradu KORAK U BUDU\u0106NOST\u201c za \u201eSistem za nadzor i upravljanje postrojenjem za proizvodnju KAN-a u Azotari Subotica\u201c. Stru\u010dni \u017eiri 48. me\u0111unarodnog sajma tehnike i tehni\u010dkih dostignu\u0107a u Beogradu, za izlo\u017eena vrhunska tehni\u010dko-tehnolo\u0161ka re\u0161enja dodelio je preduze\u0107u UNO-LUX PROCESSING d.o.o. \u201eVeliku nagradu KORAK U BUDU\u0106NOST\u201c za \u201eUpravlja\u010dki sistem za pre\u010di\u0161\u0107avanje vode za pi\u0107e u Fabrici vode Bari\u010d\u201c.<\/p>\n\n\n\n<div style=\"height:30px\" aria-hidden=\"true\" class=\"wp-block-spacer\"><\/div>\n<\/div>\n<\/div><figure class=\"wp-block-media-text__media\"><img loading=\"lazy\" decoding=\"async\" width=\"797\" height=\"1024\" src=\"http:\/\/ulpr.com\/wp-content\/uploads\/2024\/04\/39293-797x1024.jpg\" alt=\"o nama\" class=\"wp-image-3486 size-large\" srcset=\"https:\/\/ulpr.com\/wp-content\/uploads\/2024\/04\/39293-797x1024.jpg 797w, https:\/\/ulpr.com\/wp-content\/uploads\/2024\/04\/39293-scaled-600x771.jpg 600w, https:\/\/ulpr.com\/wp-content\/uploads\/2024\/04\/39293-233x300.jpg 233w, https:\/\/ulpr.com\/wp-content\/uploads\/2024\/04\/39293-768x987.jpg 768w, https:\/\/ulpr.com\/wp-content\/uploads\/2024\/04\/39293-1195x1536.jpg 1195w, https:\/\/ulpr.com\/wp-content\/uploads\/2024\/04\/39293-1593x2048.jpg 1593w, https:\/\/ulpr.com\/wp-content\/uploads\/2024\/04\/39293-31x40.jpg 31w, https:\/\/ulpr.com\/wp-content\/uploads\/2024\/04\/39293-43x55.jpg 43w, https:\/\/ulpr.com\/wp-content\/uploads\/2024\/04\/39293-78x100.jpg 78w, https:\/\/ulpr.com\/wp-content\/uploads\/2024\/04\/39293-scaled.jpg 1991w\" sizes=\"auto, (max-width: 797px) 100vw, 797px\" \/><\/figure><\/div>\n\n\n\n<hr class=\"wp-block-separator has-alpha-channel-opacity is-style-wide\"\/>\n\n\n\n<div style=\"height:19px\" aria-hidden=\"true\" class=\"wp-block-spacer\"><\/div>\n\n\n\n<div class=\"wp-block-group alignwide is-layout-constrained wp-block-group-is-layout-constrained\">\n<div class=\"wp-block-media-text is-stacked-on-mobile\" style=\"padding-top:0;padding-right:0;padding-bottom:0;padding-left:0;grid-template-columns:25% auto\"><figure class=\"wp-block-media-text__media\"><img loading=\"lazy\" decoding=\"async\" width=\"874\" height=\"1024\" src=\"http:\/\/ulpr.com\/wp-content\/uploads\/2024\/08\/CE_Partner_Label_Distribution_RGB_220mm-874x1024.png\" alt=\"rexroth\" class=\"wp-image-5028 size-large\" srcset=\"https:\/\/ulpr.com\/wp-content\/uploads\/2024\/08\/CE_Partner_Label_Distribution_RGB_220mm-874x1024.png 874w, https:\/\/ulpr.com\/wp-content\/uploads\/2024\/08\/CE_Partner_Label_Distribution_RGB_220mm-600x703.png 600w, https:\/\/ulpr.com\/wp-content\/uploads\/2024\/08\/CE_Partner_Label_Distribution_RGB_220mm-256x300.png 256w, https:\/\/ulpr.com\/wp-content\/uploads\/2024\/08\/CE_Partner_Label_Distribution_RGB_220mm-768x900.png 768w, https:\/\/ulpr.com\/wp-content\/uploads\/2024\/08\/CE_Partner_Label_Distribution_RGB_220mm-1310x1536.png 1310w, https:\/\/ulpr.com\/wp-content\/uploads\/2024\/08\/CE_Partner_Label_Distribution_RGB_220mm-1747x2048.png 1747w\" sizes=\"auto, (max-width: 874px) 100vw, 874px\" \/><\/figure><div class=\"wp-block-media-text__content\">\n<div class=\"wp-block-group is-layout-constrained wp-container-core-group-is-layout-3ae0fe3c wp-block-group-is-layout-constrained\" style=\"padding-top:40px;padding-bottom:40px\">\n<figure class=\"wp-block-image size-large is-resized\"><img loading=\"lazy\" decoding=\"async\" width=\"1024\" height=\"416\" src=\"http:\/\/ulpr.com\/wp-content\/uploads\/2024\/04\/Rexroth-Logo-2-1024x416.jpg\" alt=\"\" class=\"wp-image-3488\" style=\"width:512px;height:208px\" srcset=\"https:\/\/ulpr.com\/wp-content\/uploads\/2024\/04\/Rexroth-Logo-2-1024x416.jpg 1024w, https:\/\/ulpr.com\/wp-content\/uploads\/2024\/04\/Rexroth-Logo-2-scaled-600x244.jpg 600w, https:\/\/ulpr.com\/wp-content\/uploads\/2024\/04\/Rexroth-Logo-2-300x122.jpg 300w, https:\/\/ulpr.com\/wp-content\/uploads\/2024\/04\/Rexroth-Logo-2-768x312.jpg 768w, https:\/\/ulpr.com\/wp-content\/uploads\/2024\/04\/Rexroth-Logo-2-1536x624.jpg 1536w, https:\/\/ulpr.com\/wp-content\/uploads\/2024\/04\/Rexroth-Logo-2-2048x832.jpg 2048w, https:\/\/ulpr.com\/wp-content\/uploads\/2024\/04\/Rexroth-Logo-2-40x16.jpg 40w, https:\/\/ulpr.com\/wp-content\/uploads\/2024\/04\/Rexroth-Logo-2-55x22.jpg 55w, https:\/\/ulpr.com\/wp-content\/uploads\/2024\/04\/Rexroth-Logo-2-100x41.jpg 100w\" sizes=\"auto, (max-width: 1024px) 100vw, 1024px\" \/><\/figure>\n\n\n\n<h4 class=\"wp-block-heading\">BOSCH-REXROTH SRBIJA<\/h4>\n\n\n\n<p>Od 2014. godine UNO-LUX PROCESSING je sertifikovani CE partner kompanije BOSCH-REXROTH. Distributer za programe <a data-type=\"page\" data-id=\"3012\" href=\"http:\/\/ulpr.com\/index.php\/linearna-tehnika\/\">linearne tehnike<\/a>, <a data-type=\"page\" data-id=\"2915\" href=\"http:\/\/ulpr.com\/index.php\/montazna-tehnika\/\">monta\u017ene tehnike<\/a>, <a data-type=\"page\" data-id=\"3810\" href=\"http:\/\/ulpr.com\/index.php\/servo-motori-bosch-rexroth\/\">elektro pogona<\/a> i <a data-type=\"page\" data-id=\"3014\" href=\"http:\/\/ulpr.com\/index.php\/automatizacija\/ctrlx\/\">industrijske automatizacije<\/a>.<\/p>\n\n\n\n<p>Mi smo tako\u0111e i <a href=\"https:\/\/ulpr.com\/index.php\/servis\/\">Service point<\/a> kompanije Bosch Rexorth u Srbiji.<\/p>\n<\/div>\n<\/div><\/div>\n<\/div>\n\n\n\n<hr class=\"wp-block-separator has-alpha-channel-opacity is-style-wide\"\/>\n\n\n\n<div style=\"height:17px\" aria-hidden=\"true\" class=\"wp-block-spacer\"><\/div>\n\n\n\n<div class=\"wp-block-media-text alignwide has-media-on-the-right is-stacked-on-mobile\"><div class=\"wp-block-media-text__content\">\n<h2 class=\"wp-block-heading\">WEINTEK<\/h2>\n\n\n\n<p>Krajem 2017. godine UNO-LUX PROCESSING je postao i zvani\u010dni distributer <a href=\"http:\/\/ulpr.com\/index.php\/weintek-hmi\/\" data-type=\"page\" data-id=\"2946\">WEINTEK opreme<\/a> za podru\u010dje Makedonije, Crne Gore i Bosne i Hercegovine.<\/p>\n\n\n\n<p>Weintek je vodec\u0301i svetski proizvo\u0111a\u010d HMI ure\u0111aja i posvec\u0301en je razvoju, dizajnu i proizvodnji HMI re\u0161enja.<\/p>\n\n\n\n<p>Na\u0161 partner u Bosni i Hercegovini je kompanija Master In\u017eenjering doo Banja Luka. Kontakt: <a href=\"mailto:branislav.babic@masterinzenjering.com\">branislav.babic@masterinzenjering.com<\/a><\/p>\n<\/div><figure class=\"wp-block-media-text__media\"><img loading=\"lazy\" decoding=\"async\" width=\"800\" height=\"383\" src=\"http:\/\/ulpr.com\/wp-content\/uploads\/2024\/08\/Weintek.png\" alt=\"Weintek\" class=\"wp-image-5035 size-full\" srcset=\"https:\/\/ulpr.com\/wp-content\/uploads\/2024\/08\/Weintek.png 800w, https:\/\/ulpr.com\/wp-content\/uploads\/2024\/08\/Weintek-600x287.png 600w, https:\/\/ulpr.com\/wp-content\/uploads\/2024\/08\/Weintek-300x144.png 300w, https:\/\/ulpr.com\/wp-content\/uploads\/2024\/08\/Weintek-768x368.png 768w\" sizes=\"auto, (max-width: 800px) 100vw, 800px\" \/><\/figure><\/div>\n\n\n\n<hr class=\"wp-block-separator has-alpha-channel-opacity is-style-wide\"\/>\n\n\n\n<div style=\"height:25px\" aria-hidden=\"true\" class=\"wp-block-spacer\"><\/div>\n","protected":false},"excerpt":{"rendered":"<p>UNO-LUX PROCESSING DOO BEOGRAD Projektovanje, proizvodnja i in\u017eenjering u oblasti industrijske automatike. Isporuka opreme i softvera. Osnivanje O nama &#8211; Preduze\u0107e UNO-LUX d.o.o. je osnovano 1993. godine. Sredinom 1994. godine UNO-LUX zapo\u010dinje saradnju a 1995. godine postaje autorizovani distributer ameri\u010dke kompanije PLCDirect by Koyo (kasnije AUTOMATIONDIRECT). Od osnivanja, osnovne oblasti anga\u017eovanja preduze\u0107a su projektovanje, in\u017eenjering, [&hellip;]<\/p>\n","protected":false},"author":1,"featured_media":0,"parent":0,"menu_order":0,"comment_status":"closed","ping_status":"closed","template":"page-blank","meta":{"footnotes":""},"class_list":["post-1897","page","type-page","status-publish","hentry"],"yoast_head":"<!-- This site is optimized with the Yoast SEO plugin v26.6 - https:\/\/yoast.com\/wordpress\/plugins\/seo\/ -->\n<title>O nama - ulpr.com<\/title>\n<meta name=\"description\" content=\"O nama - Projektovanje, proizvodnja i in\u017eenjering u oblasti industrijske automatike. Rexroth Srbija. Weintek Srbija. Weintek Bosna\" \/>\n<meta name=\"robots\" content=\"index, follow, max-snippet:-1, max-image-preview:large, max-video-preview:-1\" \/>\n<link rel=\"canonical\" href=\"https:\/\/ulpr.com\/index.php\/about-us\/\" \/>\n<meta property=\"og:locale\" content=\"en_US\" \/>\n<meta property=\"og:type\" content=\"article\" \/>\n<meta property=\"og:title\" content=\"O nama - ulpr.com\" \/>\n<meta property=\"og:description\" content=\"O nama - Projektovanje, proizvodnja i in\u017eenjering u oblasti industrijske automatike. Rexroth Srbija. Weintek Srbija. Weintek Bosna\" \/>\n<meta property=\"og:url\" content=\"https:\/\/ulpr.com\/index.php\/about-us\/\" \/>\n<meta property=\"og:site_name\" content=\"ulpr.com\" \/>\n<meta property=\"article:modified_time\" content=\"2025-05-30T12:40:59+00:00\" \/>\n<meta property=\"og:image\" content=\"http:\/\/ulpr.com\/wp-content\/uploads\/2024\/05\/main2.png\" \/>\n<meta name=\"twitter:card\" content=\"summary_large_image\" \/>\n<meta name=\"twitter:label1\" content=\"Est. reading time\" \/>\n\t<meta name=\"twitter:data1\" content=\"3 minutes\" \/>\n<script type=\"application\/ld+json\" class=\"yoast-schema-graph\">{\"@context\":\"https:\/\/schema.org\",\"@graph\":[{\"@type\":\"WebPage\",\"@id\":\"https:\/\/ulpr.com\/index.php\/about-us\/\",\"url\":\"https:\/\/ulpr.com\/index.php\/about-us\/\",\"name\":\"O nama - ulpr.com\",\"isPartOf\":{\"@id\":\"http:\/\/ulpr.com\/#website\"},\"primaryImageOfPage\":{\"@id\":\"https:\/\/ulpr.com\/index.php\/about-us\/#primaryimage\"},\"image\":{\"@id\":\"https:\/\/ulpr.com\/index.php\/about-us\/#primaryimage\"},\"thumbnailUrl\":\"http:\/\/ulpr.com\/wp-content\/uploads\/2024\/05\/main2.png\",\"datePublished\":\"2022-06-14T05:57:56+00:00\",\"dateModified\":\"2025-05-30T12:40:59+00:00\",\"description\":\"O nama - Projektovanje, proizvodnja i in\u017eenjering u oblasti industrijske automatike. Rexroth Srbija. Weintek Srbija. Weintek Bosna\",\"breadcrumb\":{\"@id\":\"https:\/\/ulpr.com\/index.php\/about-us\/#breadcrumb\"},\"inLanguage\":\"en-US\",\"potentialAction\":[{\"@type\":\"ReadAction\",\"target\":[\"https:\/\/ulpr.com\/index.php\/about-us\/\"]}]},{\"@type\":\"ImageObject\",\"inLanguage\":\"en-US\",\"@id\":\"https:\/\/ulpr.com\/index.php\/about-us\/#primaryimage\",\"url\":\"https:\/\/ulpr.com\/wp-content\/uploads\/2024\/05\/main2.png\",\"contentUrl\":\"https:\/\/ulpr.com\/wp-content\/uploads\/2024\/05\/main2.png\",\"width\":1930,\"height\":370,\"caption\":\"Bosch Rexroth\"},{\"@type\":\"BreadcrumbList\",\"@id\":\"https:\/\/ulpr.com\/index.php\/about-us\/#breadcrumb\",\"itemListElement\":[{\"@type\":\"ListItem\",\"position\":1,\"name\":\"Home\",\"item\":\"http:\/\/ulpr.com\/\"},{\"@type\":\"ListItem\",\"position\":2,\"name\":\"O nama\"}]},{\"@type\":\"WebSite\",\"@id\":\"http:\/\/ulpr.com\/#website\",\"url\":\"http:\/\/ulpr.com\/\",\"name\":\"ulpr.com\",\"description\":\"UNO-LUX PROCESSING DOO\",\"publisher\":{\"@id\":\"http:\/\/ulpr.com\/#organization\"},\"potentialAction\":[{\"@type\":\"SearchAction\",\"target\":{\"@type\":\"EntryPoint\",\"urlTemplate\":\"http:\/\/ulpr.com\/?s={search_term_string}\"},\"query-input\":{\"@type\":\"PropertyValueSpecification\",\"valueRequired\":true,\"valueName\":\"search_term_string\"}}],\"inLanguage\":\"en-US\"},{\"@type\":\"Organization\",\"@id\":\"http:\/\/ulpr.com\/#organization\",\"name\":\"ulpr.com\",\"url\":\"http:\/\/ulpr.com\/\",\"logo\":{\"@type\":\"ImageObject\",\"inLanguage\":\"en-US\",\"@id\":\"http:\/\/ulpr.com\/#\/schema\/logo\/image\/\",\"url\":\"https:\/\/ulpr.com\/wp-content\/uploads\/2024\/04\/logoBMP-new-3D-v2.png\",\"contentUrl\":\"https:\/\/ulpr.com\/wp-content\/uploads\/2024\/04\/logoBMP-new-3D-v2.png\",\"width\":1574,\"height\":298,\"caption\":\"ulpr.com\"},\"image\":{\"@id\":\"http:\/\/ulpr.com\/#\/schema\/logo\/image\/\"},\"sameAs\":[\"https:\/\/www.linkedin.com\/company\/69699496\/admin\/dashboard\/\"]}]}<\/script>\n<!-- \/ Yoast SEO plugin. -->","yoast_head_json":{"title":"O nama - ulpr.com","description":"O nama - Projektovanje, proizvodnja i in\u017eenjering u oblasti industrijske automatike. Rexroth Srbija. Weintek Srbija. Weintek Bosna","robots":{"index":"index","follow":"follow","max-snippet":"max-snippet:-1","max-image-preview":"max-image-preview:large","max-video-preview":"max-video-preview:-1"},"canonical":"https:\/\/ulpr.com\/index.php\/about-us\/","og_locale":"en_US","og_type":"article","og_title":"O nama - ulpr.com","og_description":"O nama - Projektovanje, proizvodnja i in\u017eenjering u oblasti industrijske automatike. Rexroth Srbija. Weintek Srbija. Weintek Bosna","og_url":"https:\/\/ulpr.com\/index.php\/about-us\/","og_site_name":"ulpr.com","article_modified_time":"2025-05-30T12:40:59+00:00","og_image":[{"url":"http:\/\/ulpr.com\/wp-content\/uploads\/2024\/05\/main2.png","type":"","width":"","height":""}],"twitter_card":"summary_large_image","twitter_misc":{"Est. reading time":"3 minutes"},"schema":{"@context":"https:\/\/schema.org","@graph":[{"@type":"WebPage","@id":"https:\/\/ulpr.com\/index.php\/about-us\/","url":"https:\/\/ulpr.com\/index.php\/about-us\/","name":"O nama - ulpr.com","isPartOf":{"@id":"http:\/\/ulpr.com\/#website"},"primaryImageOfPage":{"@id":"https:\/\/ulpr.com\/index.php\/about-us\/#primaryimage"},"image":{"@id":"https:\/\/ulpr.com\/index.php\/about-us\/#primaryimage"},"thumbnailUrl":"http:\/\/ulpr.com\/wp-content\/uploads\/2024\/05\/main2.png","datePublished":"2022-06-14T05:57:56+00:00","dateModified":"2025-05-30T12:40:59+00:00","description":"O nama - Projektovanje, proizvodnja i in\u017eenjering u oblasti industrijske automatike. Rexroth Srbija. Weintek Srbija. Weintek Bosna","breadcrumb":{"@id":"https:\/\/ulpr.com\/index.php\/about-us\/#breadcrumb"},"inLanguage":"en-US","potentialAction":[{"@type":"ReadAction","target":["https:\/\/ulpr.com\/index.php\/about-us\/"]}]},{"@type":"ImageObject","inLanguage":"en-US","@id":"https:\/\/ulpr.com\/index.php\/about-us\/#primaryimage","url":"https:\/\/ulpr.com\/wp-content\/uploads\/2024\/05\/main2.png","contentUrl":"https:\/\/ulpr.com\/wp-content\/uploads\/2024\/05\/main2.png","width":1930,"height":370,"caption":"Bosch Rexroth"},{"@type":"BreadcrumbList","@id":"https:\/\/ulpr.com\/index.php\/about-us\/#breadcrumb","itemListElement":[{"@type":"ListItem","position":1,"name":"Home","item":"http:\/\/ulpr.com\/"},{"@type":"ListItem","position":2,"name":"O nama"}]},{"@type":"WebSite","@id":"http:\/\/ulpr.com\/#website","url":"http:\/\/ulpr.com\/","name":"ulpr.com","description":"UNO-LUX PROCESSING DOO","publisher":{"@id":"http:\/\/ulpr.com\/#organization"},"potentialAction":[{"@type":"SearchAction","target":{"@type":"EntryPoint","urlTemplate":"http:\/\/ulpr.com\/?s={search_term_string}"},"query-input":{"@type":"PropertyValueSpecification","valueRequired":true,"valueName":"search_term_string"}}],"inLanguage":"en-US"},{"@type":"Organization","@id":"http:\/\/ulpr.com\/#organization","name":"ulpr.com","url":"http:\/\/ulpr.com\/","logo":{"@type":"ImageObject","inLanguage":"en-US","@id":"http:\/\/ulpr.com\/#\/schema\/logo\/image\/","url":"https:\/\/ulpr.com\/wp-content\/uploads\/2024\/04\/logoBMP-new-3D-v2.png","contentUrl":"https:\/\/ulpr.com\/wp-content\/uploads\/2024\/04\/logoBMP-new-3D-v2.png","width":1574,"height":298,"caption":"ulpr.com"},"image":{"@id":"http:\/\/ulpr.com\/#\/schema\/logo\/image\/"},"sameAs":["https:\/\/www.linkedin.com\/company\/69699496\/admin\/dashboard\/"]}]}},"_links":{"self":[{"href":"https:\/\/ulpr.com\/index.php\/wp-json\/wp\/v2\/pages\/1897","targetHints":{"allow":["GET"]}}],"collection":[{"href":"https:\/\/ulpr.com\/index.php\/wp-json\/wp\/v2\/pages"}],"about":[{"href":"https:\/\/ulpr.com\/index.php\/wp-json\/wp\/v2\/types\/page"}],"author":[{"embeddable":true,"href":"https:\/\/ulpr.com\/index.php\/wp-json\/wp\/v2\/users\/1"}],"replies":[{"embeddable":true,"href":"https:\/\/ulpr.com\/index.php\/wp-json\/wp\/v2\/comments?post=1897"}],"version-history":[{"count":29,"href":"https:\/\/ulpr.com\/index.php\/wp-json\/wp\/v2\/pages\/1897\/revisions"}],"predecessor-version":[{"id":5431,"href":"https:\/\/ulpr.com\/index.php\/wp-json\/wp\/v2\/pages\/1897\/revisions\/5431"}],"wp:attachment":[{"href":"https:\/\/ulpr.com\/index.php\/wp-json\/wp\/v2\/media?parent=1897"}],"curies":[{"name":"wp","href":"https:\/\/api.w.org\/{rel}","templated":true}]}}